 5*l - 8. Let x be r(-7). Let s(k) = k**3 - 6*k**2 + k. Let z = 104 - 98. Let q be s(z). Calculate the greatest common factor of x and q.
6
Let d = -2 - -7. Suppose -2*k = -4*q - 82, -d*k + 160 = -2*q + 7*q. Suppose -k - 37 = -4*l. What is the highest common factor of 162 and l?
18
Let g = 1123 + -1038. Calculate the greatest common divisor of 85 and g.
85
Let a be 81/(-27) - (-1 - 83). What is the highest common factor of a and 378?
27
Let u be 12/4*2*(-240)/(-18). Suppose 0*c - 2*c + 104 = 4*q, -2*c + u = 3*q. What is the highest common divisor of 96 and q?
24
Suppose 0 = -m - 3 - 0. Suppose f - 5*f = -1104. Let g be -1 - (-4 + f/m). What is the highest common divisor of 19 and g?
19
Suppose -4*o = -4, -6*b + 5*o = -3*b - 229. Calculate the greatest common factor of 6 and b.
6
Let a = -50 - -77. Let j = 45 + -56. Let i(m) = m**3 + 14*m**2 + 13*m + 23. Let x be i(j). What is the greatest common divisor of x and a?
27
Let y be (-80)/(-2) + (1 - -1). Let g be 355/20 - 2/(-8). Suppose 2*u = n - g, -3*n + 4*u = 9 - 73. What is the highest common divisor of n and y?
14
Suppose -2*w + 17 = -25. Let x = -226 - -472. Suppose -2*a + 4*j + x = 24, -j + 312 = 3*a. Calculate the greatest common factor of w and a.
21
Let m be (-26)/65 - (-3442)/5. Calculate the highest common divisor of m and 8.
8
Suppose 13*o - 58*o = -3060. Let t = -4 - -7. Suppose 0 = 5*g - t*g + 4*j - 68, 4*j = 0. Calculate the highest common divisor of o and g.
34
Let y be (-18)/162 - (7104/(-27) + -3). What is the highest common divisor of 19 and y?
19
Let m(p) = -139*p + 320. Let g be m(-15). Calculate the highest common factor of 65 and g.
65
Let v(w) = 36*w - 17. Let z be v(4). Suppose 6 = -g + z. Calculate the highest common factor of g and 11.
11
Suppose 0 = 7*f - 2*f - 25. Suppose -3*m + 80 = -5*m + f*p, 2*p + 94 = -2*m. Let s be (-10)/(-3)*(3 - m). Calculate the highest common factor of s and 20.
20
Let v = 3 + 11. Suppose -15*k + 1808 = -82. Calculate the greatest common factor of v and k.
14
Let u(v) = 9*v - 49. Let h be u(9). Suppose -28*p + h*p - 68 = 0. Let r be -7*2/8*-68. What is the highest common divisor of p and r?
17
Let q(a) = -14*a - 810. Let g be q(-58). Let r be (0 + 1)/(2/6). Calculate the highest common divisor of g and r.
1
Let v be ((-119)/(-105) - 8/10)*15. Suppose 5 = 5*c + 5*w, -5 = v*w + 15. What is the greatest common divisor of 25 and c?
5
Suppose -44 = -5*h - a, 0*h - 4*h + 2*a = -24. Suppose h*n - 7*n = 22. What is the highest common factor of 22 and n?
22
Let y be (-3405)/(-18) + -1 + (-20)/(-24). Calculate the greatest common factor of 42 and y.
21
Let u(k) = k + 8. Let i be u(0). Suppose -i*l = -6*l + 4. Let c be 2 + (54*-1)/l. What is the greatest common divisor of 58 and c?
29
Let p = -153 - -353. Let r = p - 143. What is the greatest common factor of r and 19?
19
Suppose -4*p = -4*i + 16, -3*i - 5*p = 2*i - 50. Let s be 3 + 10 + (-2)/1 + -1. Suppose -s*v + 156 = -124. Calculate the highest common factor of i and v.
7
Suppose 5*i = -4*x + 388, -7*i + 9*i - 3*x - 169 = 0. What is the greatest common divisor of i and 5?
5
Suppose 2*q - 364 - 776 = 0. What is the greatest common factor of 60 and q?
30
Let i(j) = j**3 - 10*j**2 - 14. Let d be i(10). Let x = d - -27. Let w be x*(3 + 3)/3. Calculate the highest common divisor of 39 and w.
13
Let z be (-6 + (-248)/(-28))*42. What is the highest common factor of 192 and z?
24
Suppose 313 = 19*f - 447. Calculate the highest common factor of f and 5.
5
Suppose -3*x - 141 = -0*x - 3*y, -4*y = 3*x + 106. Let m be 8*((-4)/6 - 49/x). What is the highest common factor of 6 and m?
2
Suppose d = 4*h + 131, 365 = -2*d + 5*d - 5*h. What is the greatest common factor of 115 and d?
115
Suppose 9*y + 57 + 78 = 0. Let d = 57 + y. Calculate the highest common factor of 28 and d.
14
Suppose -2*v = -4, 0 = 3*t - 8*t - 3*v + 1476. Suppose 7*x = 4*x + t. What is the greatest common divisor of x and 14?
14
Suppose 5 = -u, -3*q + 5*u - 5 = 2*q. Let z be (2 - q/(-3)) + 35. Let m = 125 + -120. Calculate the highest common factor of z and m.
5
Let p(j) be the first derivative of 3*j**2/2 + 12*j - 2. Let k be p(11). Let a = k - 23. Calculate the highest common factor of a and 11.
11
Let t be (1/(-1) - 0)*-2. Let s(f) = -2 + 3*f + 13 - t*f. Let g be s(13). Calculate the highest common factor of g and 12.
12
Suppose 4 = 6*z - 8. Suppose -4*h = -5*y + 295 + 30, -z*y + 130 = -h. What is the highest common factor of 13 and y?
13
Let u = 22 - 13. Let j(m) be the third derivative of m**5/60 + 23*m**3/6 - 13*m**2. Let s be j(-7). Calculate the highest common factor of u and s.
9
Let z(x) = -75*x + 448. Let q be z(4). What is the greatest common factor of q and 8?
4
Let i be 0 + (-5)/(5/2). Let n be 1/(i/(-182)) + 0. Let q be 2086/154 + (-18)/33. Calculate the highest common factor of q and n.
13
Let w = 84 - 36. What is the greatest common factor of w and 32?
16
Let a(z) = -4*z - 6. Let s be a(-10). Suppose 11 = 3*q - s. Calculate the greatest common divisor of 15 and q.
15
Let z(v) = -3*v + 2. Let w(d) = 2*d + 4. Let h be w(-4). Let n be z(h). Let o be (1/2)/((-2)/(-28)). What is the greatest common factor of o and n?
7
Let m(d) be the second derivative of -d**5/20 + 11*d**4/12 + 5*d**3/2 - 8*d**2 - 18*d. Let s be m(12). Calculate the greatest common factor of 180 and s.
20
Let k = 688 + 209. Calculate the highest common factor of 69 and k.
69
Let v(u) = u + 50. Let t be v(-16). What is the highest common factor of t and 1462?
34
Suppose 0 = 5*h + 5*n - 1285, 6*h - 4*n + 776 = 9*h. What is the highest common divisor of h and 7?
7
Suppose 2*a - 1004 = -2*n, 384 = 2*n + 4*a - 612. Calculate the highest common factor of n and 46.
46
Suppose 3*m = g - 24, -g - 6*m + m + 8 = 0. Suppose -25 = 5*o, 0*o - 70 = -3*a + 5*o. Let q be 328/6 - 10/a. Calculate the highest common divisor of q and g.
18
Suppose 11*a - 1959 - 1044 = 0. Calculate the highest common divisor of 105 and a.
21
Let l be 14/(-21)*90/8*-8. Suppose -5*h = 11 + 9, 0 = -4*w + 3*h + l. What is the greatest common divisor of 48 and w?
12
Let j(x) = 14*x + 10. Let m = 44 + -43. Let d be j(m). Calculate the highest common divisor of 72 and d.
24
Let o be 2/(-10 + 33257/3325). Calculate the greatest common factor of 25 and o.
25
Let d = 173 + -93. Suppose -t + 14 = -y, -2 = -0*y - y. Calculate the greatest common divisor of t and d.
16
Let f(x) = x**2 - 15*x + 4. Let l be f(15). Suppose 5*b - l*z = -56, -2*b + 2*z - 28 = 6*z. Let u = b + 22. Calculate the greatest common factor of 2 and u.
2
Let q = 1926 + -1790. What is the highest common factor of 1836 and q?
68
Let d be 3*(-9)/27 + 3 + 4. Let g(f) = -f**2 + 6*f + 7. Let c be (5/2)/(3/6). Let t be g(c). Calculate the highest common factor of d and t.
6
Let o = -1 + 3. Let d = -152 - -154. Calculate the highest common divisor of d and o.
2
Suppose 5 = o, -2*w + 2*o + 245 = 7*o. Let j(f) = -f**3 - 9*f**2 - 22*f + 12. Let z be j(-5). Calculate the highest common factor of z and w.
22
Let v = 166 - 116. Let q(t) = -18*t - 177. Let k be q(-14). Calculate the greatest common factor of k and v.
25
Suppose -2*u + 0 = -2*m + 2, -5*u = -m - 7. Let s be ((-30)/(-10))/(m/2). Let x be (-98)/(-5) - s/(-5). Calculate the highest common factor of x and 8.
4
Suppose 191*x = 198*x - 1624. Calculate the greatest common factor of x and 290.
58
Let a = 46 + -28. Let s = 64 + -58. What is the highest common factor of a and s?
6
Let y be 24 + (0 - 1) + -1. Let s(k) = -k**3 + 5*k**2 - 16*k - 153. Let v be s(-4). Calculate the greatest common divisor of y and v.
11
Let f(k) = k**2 + 31*k + 98. Let m be f(-28). What is the highest common factor of 119 and m?
7
Suppose 0 = -126*q + 153*q - 76545. What is the highest common factor of 35 and q?
35
Let v(y) = -5*y + 58. Let i be v(5). What is the highest common factor of 44 and i?
11
Let u(n) = -3 + 0*n + 7 + 3*n**2 - 2*n**2 + 3*n. Let t be u(-4). Suppose o - 3*o + 5*x + 32 = 0, 2*x + 80 = 5*o. Calculate the highest common factor of t and o.
8
Let b be (1 - 0)/(2/76). Let q(c) = 55*c**2 - 3*c + 2. Let k be q(1). Suppose 3*i = k + 60. Calculate the highest common factor of b and i.
38
Let c be (-4 - 4*-8) + -2. Let n be (1/(-2))/(1/(-52)*2). What is the greatest common factor of c and n?
13
Suppose 194*u + 